hat is the units digit of 1739?
9
What is the thousands digit of 3260?
3
What is the hundreds digit of 313?
3
What is the hundreds digit of 1962?
9
What is the tens digit of 172?
7
What is the units digit of 6762?
2
What is the hundreds digit of 78394?
3
What is the units digit of 6359?
9
What is the ten thousands digit of 19814?
1
What is the thousands digit of 86583?
6
What is the thousands digit of 26642?
6
What is the tens digit of 621?
2
What is the tens digit of 772?
7
What is the tens digit of 1711?
1
What is the units digit of 645?
5
What is the units digit of 793?
3
What is the hundreds digit of 593?
5
What is the units digit of 9617?
7
What is the ten thousands digit of 23555?
2
What is the thousands digit of 4427?
4
What is the hundreds digit of 33442?
4
What is the hundreds digit of 1005?
0
What is the units digit of 3364?
4
What is the tens digit of 1358?
5
What is the units digit of 4348?
8
What is the units digit of 6941?
1
What is the hundreds digit of 948?
9
What is the thousands digit of 2357?
2
What is the hundreds digit of 523?
5
What is the tens digit of 55287?
8
What is the hundreds digit of 18785?
7
What is the tens digit of 33139?
3
What is the tens digit of 9795?
9
What is the tens digit of 3106?
0
What is the tens digit of 3496?
9
What is the thousands digit of 53557?
3
What is the units digit of 72953?
3
What is the hundreds digit of 6767?
7
What is the hundreds digit of 8040?
0
What is the hundreds digit of 31383?
3
What is the hundreds digit of 152?
1
What is the hundreds digit of 4418?
4
What is the thousands digit of 60990?
0
What is the tens digit of 2073?
7
What is the thousands digit of 1865?
1
What is the units digit of 10034?
4
What is the thousands digit of 29385?
9
What is the hundreds digit of 722?
7
What is the thousands digit of 1975?
1
What is the thousands digit of 2653?
2
What is the units digit of 106862?
2
What is the units digit of 3444?
4
What is the ten thousands digit of 75134?
7
What is the ten thousands digit of 59225?
5
What is the hundreds digit of 29590?
5
What is the hundreds digit of 997?
9
What is the ten thousands digit of 87949?
8
What is the thousands digit of 22892?
2
What is the tens digit of 33567?
6
What is the thousands digit of 15248?
5
What is the tens digit of 13661?
6
What is the hundreds digit of 2739?
7
What is the tens digit of 43410?
1
What is the hundreds digit of 4643?
6
What is the units digit of 9666?
6
What is the tens digit of 10109?
0
What is the units digit of 4234?
4
What is the thousands digit of 4274?
4
What is the hundreds digit of 10039?
0
What is the units digit of 46501?
1
What is the tens digit of 7624?
2
What is the hundreds digit of 1123?
1
What is the units digit of 435?
5
What is the hundreds digit of 4420?
4
What is the tens digit of 3143?
4
What is the ten thousands digit of 22798?
2
What is the units digit of 620?
0
What is the thousands digit of 1478?
1
What is the tens digit of 62?
6
What is the thousands digit of 4884?
4
What is the ten thousands digit of 109468?
0
What is the thousands digit of 2339?
2
What is the hundreds digit of 559?
5
What is the hundreds digit of 2329?
3
What is the tens digit of 1034?
3
What is the tens digit of 1508?
0
What is the tens digit of 269?
6
What is the hundreds digit of 1974?
9
What is the hundreds digit of 67172?
1
What is the tens digit of 923?
2
What is the units digit of 89508?
8
What is the units digit of 1711?
1
What is the thousands digit of 130883?
0
What is the tens digit of 71393?
9
What is the thousands digit of 25444?
5
What is the hundreds digit of 1785?
7
What is the tens digit of 78?
7
What is the units digit of 4405?
5
What is the ten thousands digit of 73839?
7
What is the thousands digit of 1047?
1
What is the thousands digit of 15388?
5
What is the thousands digit of 11174?
1
What is the tens digit of 2246?
4
What is the units digit of 21333?
3
What is the units digit of 14482?
2
What is the units digit of 52483?
3
What is the hundreds digit of 45180?
1
What is the thousands digit of 5147?
5
What is the tens digit of 13714?
1
What is the ten thousands digit of 39590?
3
What is the units digit of 117?
7
What is the thousands digit of 1647?
1
What is the units digit of 1310?
0
What is the hundreds digit of 28476?
4
What is the hundreds digit of 1745?
7
What is the units digit of 453?
3
What is the thousands digit of 15123?
5
What is the thousands digit of 55591?
5
What is the units digit of 70561?
1
What is the ten thousands digit of 25331?
2
What is the units digit of 1287?
7
What is the hundreds digit of 4487?
4
What is the units digit of 1308?
8
What is the tens digit of 2022?
2
What is the thousands digit of 1412?
1
What is the tens digit of 920?
2
What is the tens digit of 1919?
1
What is the tens digit of 1451?
5
What is the hundreds digit of 87524?
5
What is the tens digit of 569?
6
What is the hundreds digit of 1861?
8
What is the units digit of 35?
5
What is the ten thousands digit of 59756?
5
What is the tens digit of 51019?
1
What is the thousands digit of 71068?
1
What is the tens digit of 5847?
4
What is the units digit of 2243?
3
What is the units digit of 5868?
8
What is the tens digit of 3161?
6
What is the hundreds digit of 15899?
8
What is the hundreds digit of 26093?
0
What is the units digit of 1700?
0
What is the tens digit of 28754?
5
What is the ten thousands digit of 12006?
1
What is the thousands digit of 28004?
8
What is the thousands digit of 11712?
1
What is the tens digit of 21977?
7
What is the tens digit of 3529?
2
What is the thousands digit of 60767?
0
What is the tens digit of 9890?
9
What is the units digit of 7371?
1
What is the units digit of 5543?
3
What is the hundreds digit of 27294?
2
What is the tens digit of 104376?
7
What is the hundreds digit of 760?
7
What is the units digit of 23672?
2
What is the hundreds digit of 69718?
7
What is the thousands digit of 13373?
3
What is the tens digit of 8684?
8
What is the thousands digit of 14461?
4
What is the units digit of 1483?
3
What is the hundreds digit of 25853?
8
What is the thousands digit of 4778?
4
What is the units digit of 36857?
7
What is the tens digit of 61805?
0
What is the ten thousands digit of 24435?
2
What is the tens digit of 111369?
6
What is the tens digit of 550?
5
What is the thousands digit of 3675?
3
What is the thousands digit of 12529?
2
What is the hundreds digit of 10654?
6
What is the hundreds digit of 261?
2
What is the tens digit of 2765?
6
What is the ten thousands digit of 161264?
6
What is the units digit of 69126?
6
What is the hundreds digit of 58451?
4
What is the units digit of 322?
2
What is the ten thousands digit of 33232?
3
What is the ten thousands digit of 42249?
4
What is the units digit of 86?
6
What is the units digit of 50102?
2
What is the tens digit of 10192?
9
What is the ten thousands digit of 19849?
1
What is the hundreds digit of 13371?
3
What is the hundreds digit of 1411?
4
What is the hundreds digit of 968?
9
What is the thousands digit of 1218?
1
What is the thousands digit of 7255?
7
What is the units digit of 16040?
0
What is the hundreds digit of 4664?
6
What is the units digit of 737?
7
What is the units digit of 35339?
9
What is the hundreds digit of 45120?
1
What is the units digit of 9284?
4
What is the tens digit of 1899?
9
What is the hundreds digit of 1511?
5
What is the tens digit of 5553?
5
What is the units digit of 110505?
5
What is the units digit of 2489?
9
What is the units digit of 15208?
8
What is the units digit of 978?
8
What is the tens digit of 5421?
2
What is the units digit of 762?
2
What is the tens digit of 20576?
7
What is the thousands digit of 55799?
5
What is the thousands digit of 3284?
3
What is the units digit of 46932?
2
What is the ten thousands digit of 83275?
8
What is the tens digit of 146231?
3
What is the ten thousands digit of 12840?
1
What is the tens digit of 638?
3
What is the units digit of 1526?
6
What is the thousands digit of 38271?
8
What is the tens digit of 1053?
5
What is the units digit of 263?
3
What is the ten thousands digit of 56433?
5
What is the tens digit of 239?
3
What is the tens digit of 589?
8
What is the hundreds digit of 760?
7
What is the hundreds digit of 965?
9
What is the te